{"id":91,"date":"2018-05-31T11:41:47","date_gmt":"2018-05-31T09:41:47","guid":{"rendered":"http:\/\/vivacite.services.mairie-sotteville-les-rouen.fr\/?post_type=product&#038;p=91"},"modified":"2019-06-24T13:59:13","modified_gmt":"2019-06-24T11:59:13","slug":"sh-sherlock-holmes-son-dernier-coup-declat","status":"publish","type":"product","link":"https:\/\/vivacite.services.mairie-sotteville-les-rouen.fr\/?product=sh-sherlock-holmes-son-dernier-coup-declat","title":{"rendered":"Memento"},"content":{"rendered":"<p>Trois femmes \u00e0 m\u00eame la terre. Au creusement d\u2019un monde qui les rassemble, elles tournent et tombent sur elles-m\u00eames. Sur un terrain \u00e0 priori aride, 3 femmes mettent en sc\u00e8ne leur naissance, leur vie, leur mort. Elles travaillent \u00e0 rendre fertile cette terre qui les entoure. Tour \u00e0 tour femme racine, femme tubercule ou femme aux fleurs, elles creusent, enterrent, d\u00e9terrent leurs paroles, leurs voix, leurs d\u00e9sirs, leurs peurs. La vie n\u2019a pas dit son dernier mot !<\/p>\n<p><strong>VENDREDI 20h15 en I<\/strong><br \/>\n<strong>SAMEDI 19h15 en I<\/strong><br \/>\n<strong>DIMANCHE 17h45 en I<\/strong><\/p>\n","protected":false},"excerpt":{"rendered":"<p>COMPAGNIE MESDEMOISELLES<\/p>\n","protected":false},"featured_media":0,"template":"","meta":[],"_links":{"self":[{"href":"https:\/\/vivacite.services.mairie-sotteville-les-rouen.fr\/index.php?rest_route=\/wp\/v2\/product\/91"}],"collection":[{"href":"https:\/\/vivacite.services.mairie-sotteville-les-rouen.fr\/index.php?rest_route=\/wp\/v2\/product"}],"about":[{"href":"https:\/\/vivacite.services.mairie-sotteville-les-rouen.fr\/index.php?rest_route=\/wp\/v2\/types\/product"}],"wp:attachment":[{"href":"https:\/\/vivacite.services.mairie-sotteville-les-rouen.fr\/index.php?rest_route=%2Fwp%2Fv2%2Fmedia&parent=91"}],"curies":[{"name":"wp","href":"https:\/\/api.w.org\/{rel}","templated":true}]}}