{"id":80,"date":"2018-05-31T10:54:41","date_gmt":"2018-05-31T08:54:41","guid":{"rendered":"http:\/\/vivacite.services.mairie-sotteville-les-rouen.fr\/?post_type=product&#038;p=80"},"modified":"2019-06-24T14:02:44","modified_gmt":"2019-06-24T12:02:44","slug":"laffaire-qui-suit-son-cours","status":"publish","type":"product","link":"https:\/\/vivacite.services.mairie-sotteville-les-rouen.fr\/?product=laffaire-qui-suit-son-cours","title":{"rendered":"L\u2019\u00c9pouvante"},"content":{"rendered":"<p>Il existe deux sortes de peur. La peur naturelle et la peur culturelle. La premi\u00e8re est une peur ancestrale, la deuxi\u00e8me est toujours li\u00e9e \u00e0 une \u00e9poque pr\u00e9cise. Autrefois, c\u2019\u00e9tait la peur de la peste, du loup-garou&#8230;<br \/>\nL\u2019\u00c9pouvante, une r\u00e9flexion sur la peur. Celle d\u2019hier qui fait rire ; et celle d\u2019aujourd\u2019hui qui glace les sangs.<\/p>\n<p>&nbsp;<\/p>\n<p><strong>VENDREDI 21h05 &amp; 22h45 en D<br \/>\nSAMEDI 18h15 &amp; 20h10 &amp; 22h15 en\u00a0 D<\/strong><br \/>\n<strong>DIMANCHE 13h20 &amp; 16h10 &amp; 18h40 en D<\/strong><\/p>\n","protected":false},"excerpt":{"rendered":"<p>PUDDING TH\u00c9\u00c2TRE<\/p>\n","protected":false},"featured_media":0,"template":"","meta":[],"_links":{"self":[{"href":"https:\/\/vivacite.services.mairie-sotteville-les-rouen.fr\/index.php?rest_route=\/wp\/v2\/product\/80"}],"collection":[{"href":"https:\/\/vivacite.services.mairie-sotteville-les-rouen.fr\/index.php?rest_route=\/wp\/v2\/product"}],"about":[{"href":"https:\/\/vivacite.services.mairie-sotteville-les-rouen.fr\/index.php?rest_route=\/wp\/v2\/types\/product"}],"wp:attachment":[{"href":"https:\/\/vivacite.services.mairie-sotteville-les-rouen.fr\/index.php?rest_route=%2Fwp%2Fv2%2Fmedia&parent=80"}],"curies":[{"name":"wp","href":"https:\/\/api.w.org\/{rel}","templated":true}]}}