{"id":625,"date":"2019-06-20T16:08:07","date_gmt":"2019-06-20T14:08:07","guid":{"rendered":"http:\/\/vivacite.services.mairie-sotteville-les-rouen.fr\/?post_type=product&#038;p=625"},"modified":"2019-06-24T10:58:30","modified_gmt":"2019-06-24T08:58:30","slug":"der-menschenfresser-berg-ou-la-montagne-titre-provisoire","status":"publish","type":"product","link":"https:\/\/vivacite.services.mairie-sotteville-les-rouen.fr\/?product=der-menschenfresser-berg-ou-la-montagne-titre-provisoire","title":{"rendered":"Der menschenfresser Berg&#8230; ou la Montagne (titre provisoire)"},"content":{"rendered":"<p>La Cie Les Vrais Majors se lance un d\u00e9fi ! Adapter en th\u00e9\u00e2tre de rue un film sur une ascension \u00e9pique en haute montagne. Ils l\u00e8vent le voile sur les coulisses de la cr\u00e9ation de cette aventure. Un spectacle dr\u00f4le, visuellement impressionnant, avec du vrai fromage !<\/p>\n<p><strong>VENDREDI 19h45 en 16<br \/>\nSAMEDI 19h45 en 16<br \/>\n<\/strong><strong>DIMANCHE 14h45\u00a0<\/strong><strong>en 16<\/strong><\/p>\n","protected":false},"excerpt":{"rendered":"<p>LES VRAIS MAJORS<\/p>\n","protected":false},"featured_media":0,"template":"","meta":[],"_links":{"self":[{"href":"https:\/\/vivacite.services.mairie-sotteville-les-rouen.fr\/index.php?rest_route=\/wp\/v2\/product\/625"}],"collection":[{"href":"https:\/\/vivacite.services.mairie-sotteville-les-rouen.fr\/index.php?rest_route=\/wp\/v2\/product"}],"about":[{"href":"https:\/\/vivacite.services.mairie-sotteville-les-rouen.fr\/index.php?rest_route=\/wp\/v2\/types\/product"}],"wp:attachment":[{"href":"https:\/\/vivacite.services.mairie-sotteville-les-rouen.fr\/index.php?rest_route=%2Fwp%2Fv2%2Fmedia&parent=625"}],"curies":[{"name":"wp","href":"https:\/\/api.w.org\/{rel}","templated":true}]}}