{"id":623,"date":"2019-06-20T16:01:56","date_gmt":"2019-06-20T14:01:56","guid":{"rendered":"http:\/\/vivacite.services.mairie-sotteville-les-rouen.fr\/?post_type=product&#038;p=623"},"modified":"2019-06-24T10:59:02","modified_gmt":"2019-06-24T08:59:02","slug":"pour-la-beaute-du-geste","status":"publish","type":"product","link":"https:\/\/vivacite.services.mairie-sotteville-les-rouen.fr\/?product=pour-la-beaute-du-geste","title":{"rendered":"Pour la beaut\u00e9 du geste"},"content":{"rendered":"<p>Imaginons un spectacle riche de possibilit\u00e9s : trois \u00e9chelles, un saxophone, 30 tapettes \u00e0 souris et un rat \u00e0 roulettes&#8230;Un spectacle dans lequel l\u2019impossible n\u2019existe pas, o\u00f9 le principe fondamental est bas\u00e9 sur le plaisir et le moment pr\u00e9sent, un spectacle beau, brut, absurde, exag\u00e9r\u00e9 et insens\u00e9. Faire ce qu\u2019il y a \u00e0 faire, pour le simple plaisir et \u00ab pour la beaut\u00e9 du geste \u00bb.<\/p>\n<p><strong>VENDREDI 20h en 17<br \/>\nSAMEDI 18h en 17<br \/>\n<\/strong><strong>DIMANCHE 15h\u00a0<\/strong><strong>en 17<\/strong><\/p>\n","protected":false},"excerpt":{"rendered":"<p>COMPAGNIE LA VOIE FERR\u00c9E<\/p>\n","protected":false},"featured_media":0,"template":"","meta":[],"_links":{"self":[{"href":"https:\/\/vivacite.services.mairie-sotteville-les-rouen.fr\/index.php?rest_route=\/wp\/v2\/product\/623"}],"collection":[{"href":"https:\/\/vivacite.services.mairie-sotteville-les-rouen.fr\/index.php?rest_route=\/wp\/v2\/product"}],"about":[{"href":"https:\/\/vivacite.services.mairie-sotteville-les-rouen.fr\/index.php?rest_route=\/wp\/v2\/types\/product"}],"wp:attachment":[{"href":"https:\/\/vivacite.services.mairie-sotteville-les-rouen.fr\/index.php?rest_route=%2Fwp%2Fv2%2Fmedia&parent=623"}],"curies":[{"name":"wp","href":"https:\/\/api.w.org\/{rel}","templated":true}]}}