{"id":621,"date":"2019-06-20T15:54:18","date_gmt":"2019-06-20T13:54:18","guid":{"rendered":"http:\/\/vivacite.services.mairie-sotteville-les-rouen.fr\/?post_type=product&#038;p=621"},"modified":"2019-06-24T11:00:49","modified_gmt":"2019-06-24T09:00:49","slug":"depart-flip","status":"publish","type":"product","link":"https:\/\/vivacite.services.mairie-sotteville-les-rouen.fr\/?product=depart-flip","title":{"rendered":"D\u00e9part Flip"},"content":{"rendered":"<p>R\u00e9invention collective du trap\u00e8ze fixe pour 4 femmes et 1 homme en talons aiguilles. Une invitation \u00e0<br \/>\nl\u2019\u00e9mancipation. S\u2019inspirer de sa tradition, de son histoire pour red\u00e9couvrir. Cr\u00e9er des personnages \u00e0 partir de 5 artistes complexes et singuliers, venus du monde entier. Une tribu des airs \u00e9trang\u00e8re au sol, en qu\u00eate d\u2019un \u00e9quilibre entre douceur et virtuosit\u00e9.<\/p>\n<p><strong>VENDREDI 21h40 en A<br \/>\nSAMEDI 18h45 en A<br \/>\n<\/strong><strong>DIMANCHE 16h45\u00a0<\/strong><strong>en A<\/strong><\/p>\n","protected":false},"excerpt":{"rendered":"<p>COMPAGNIE VIREVOLT<\/p>\n","protected":false},"featured_media":0,"template":"","meta":[],"_links":{"self":[{"href":"https:\/\/vivacite.services.mairie-sotteville-les-rouen.fr\/index.php?rest_route=\/wp\/v2\/product\/621"}],"collection":[{"href":"https:\/\/vivacite.services.mairie-sotteville-les-rouen.fr\/index.php?rest_route=\/wp\/v2\/product"}],"about":[{"href":"https:\/\/vivacite.services.mairie-sotteville-les-rouen.fr\/index.php?rest_route=\/wp\/v2\/types\/product"}],"wp:attachment":[{"href":"https:\/\/vivacite.services.mairie-sotteville-les-rouen.fr\/index.php?rest_route=%2Fwp%2Fv2%2Fmedia&parent=621"}],"curies":[{"name":"wp","href":"https:\/\/api.w.org\/{rel}","templated":true}]}}