{"id":223,"date":"2018-06-05T14:18:22","date_gmt":"2018-06-05T12:18:22","guid":{"rendered":"http:\/\/vivacite.services.mairie-sotteville-les-rouen.fr\/?post_type=product&#038;p=223"},"modified":"2019-06-24T11:11:56","modified_gmt":"2019-06-24T09:11:56","slug":"ouroboros","status":"publish","type":"product","link":"https:\/\/vivacite.services.mairie-sotteville-les-rouen.fr\/?product=ouroboros","title":{"rendered":"V\u00e9ro 1\u00e8re, reine d\u2019Angleterre"},"content":{"rendered":"<p>Ce soir, les c\u00e9l\u00e8bres m\u00e9lodrames Stutman, une des derni\u00e8res familles du th\u00e9\u00e2tre forain, vous pr\u00e9sentent leur plus grand succ\u00e8s. L\u2019extraordinaire destin de V\u00e9ronique, qui n\u2019osait se r\u00eaver g\u00e9rante de Franprix, et finit pourtant Reine d\u2019Angleterre ! Une fable aussi morale que perverse.<br \/>\nIl y aura des larmes, du sang, de la magie, des massacres et des merveilles. Frissons, stupeur et crises de rires garantis. Attention ! La direction ne rembourse pas les mauviettes !<\/p>\n<p><strong>Vendredi 22h en 19 (COMPLEXE ANQUETIL, RUE L\u00c9ON SALVA)<\/strong><br \/>\n<strong>Samedi 22h en 19 (COMPLEXE ANQUETIL, RUE L\u00c9ON SALVA)<\/strong><\/p>\n","protected":false},"excerpt":{"rendered":"<p>26 000 COUVERTS<\/p>\n","protected":false},"featured_media":0,"template":"","meta":[],"_links":{"self":[{"href":"https:\/\/vivacite.services.mairie-sotteville-les-rouen.fr\/index.php?rest_route=\/wp\/v2\/product\/223"}],"collection":[{"href":"https:\/\/vivacite.services.mairie-sotteville-les-rouen.fr\/index.php?rest_route=\/wp\/v2\/product"}],"about":[{"href":"https:\/\/vivacite.services.mairie-sotteville-les-rouen.fr\/index.php?rest_route=\/wp\/v2\/types\/product"}],"wp:attachment":[{"href":"https:\/\/vivacite.services.mairie-sotteville-les-rouen.fr\/index.php?rest_route=%2Fwp%2Fv2%2Fmedia&parent=223"}],"curies":[{"name":"wp","href":"https:\/\/api.w.org\/{rel}","templated":true}]}}