{"id":219,"date":"2018-06-05T14:11:10","date_gmt":"2018-06-05T12:11:10","guid":{"rendered":"http:\/\/vivacite.services.mairie-sotteville-les-rouen.fr\/?post_type=product&#038;p=219"},"modified":"2019-06-24T11:15:59","modified_gmt":"2019-06-24T09:15:59","slug":"rejoindre-le-papillon","status":"publish","type":"product","link":"https:\/\/vivacite.services.mairie-sotteville-les-rouen.fr\/?product=rejoindre-le-papillon","title":{"rendered":"L\u2019\u00c9nergie sur le divan"},"content":{"rendered":"<p>\u00c9l\u00e9ment incontournable de la bonne marche de la psych\u00e9 de l\u2019Humanit\u00e9, l\u2019\u00e9nergie semble aujourd\u2019hui au bord de l\u2019\u00e9puisement. Faut-il pour autant redouter la fin du monde ? Des alternatives sont-elles encore possibles ? Rassurez-vous, les diff\u00e9rents acc\u00e8s aux sorties de secours de la carlingue en feu vous seront expliqu\u00e9s dans le d\u00e9tail, au travers d\u2019une conf\u00e9rence d\u00e9sopilante agr\u00e9ment\u00e9e d\u2019images saisissantes \u00e0 couper le souffle.<\/p>\n<p><strong>Vendredi 23h30 en 8 (ESPACE MARCEL LODS &#8211; IMMEUBLE DAUPHIN\u00c9)<\/strong><\/p>\n<p>&nbsp;<\/p>\n","protected":false},"excerpt":{"rendered":"<p>AGENCE NATIONALE DE PSYCHANALYSE URBAINE<\/p>\n","protected":false},"featured_media":0,"template":"","meta":[],"_links":{"self":[{"href":"https:\/\/vivacite.services.mairie-sotteville-les-rouen.fr\/index.php?rest_route=\/wp\/v2\/product\/219"}],"collection":[{"href":"https:\/\/vivacite.services.mairie-sotteville-les-rouen.fr\/index.php?rest_route=\/wp\/v2\/product"}],"about":[{"href":"https:\/\/vivacite.services.mairie-sotteville-les-rouen.fr\/index.php?rest_route=\/wp\/v2\/types\/product"}],"wp:attachment":[{"href":"https:\/\/vivacite.services.mairie-sotteville-les-rouen.fr\/index.php?rest_route=%2Fwp%2Fv2%2Fmedia&parent=219"}],"curies":[{"name":"wp","href":"https:\/\/api.w.org\/{rel}","templated":true}]}}