{"id":211,"date":"2018-06-05T13:58:18","date_gmt":"2018-06-05T11:58:18","guid":{"rendered":"http:\/\/vivacite.services.mairie-sotteville-les-rouen.fr\/?post_type=product&#038;p=211"},"modified":"2019-06-24T11:19:21","modified_gmt":"2019-06-24T09:19:21","slug":"au-pied-du-mur","status":"publish","type":"product","link":"https:\/\/vivacite.services.mairie-sotteville-les-rouen.fr\/?product=au-pied-du-mur","title":{"rendered":"Pallet"},"content":{"rendered":"<p>Les palettes et les chapiteaux ne recoivent que rarement la reconnaissance qu\u2019ils m\u00e9ritent. Ils voyagent autour du monde. De ville en ville, par tout temps, jour et nuit. Les deux sont des porteurs. Ils sont porteurs et transporteurs. L\u2019un d\u2019un spectacle, l\u2019autre des mat\u00e9riaux. Pendant ce spectacle, ils recevront la reconnaissance qu\u2019ils m\u00e9ritent. Le respect appropri\u00e9. Et peut-\u00eatre, peut-\u00eatre on applaudira pour eux, finalement. Ce spectacle, \u00e0 tout \u00e2ge, est un hommage \u00e0 la palette. Et au chapiteau. Un hommage \u00e0 deux inventions incroyables.<\/p>\n<p><strong>R\u00c9SERVATION \u00c0 L\u2019ACCUEIL PUBLIC<\/strong><\/p>\n<p><strong>Samedi 14h30, 17h30<\/strong><br \/>\n<strong>Dimanche 15h30, 18h30<\/strong><\/p>\n","protected":false},"excerpt":{"rendered":"<p>CIE DE WENKBRAUWERIJ BELGIQUE<\/p>\n","protected":false},"featured_media":0,"template":"","meta":[],"_links":{"self":[{"href":"https:\/\/vivacite.services.mairie-sotteville-les-rouen.fr\/index.php?rest_route=\/wp\/v2\/product\/211"}],"collection":[{"href":"https:\/\/vivacite.services.mairie-sotteville-les-rouen.fr\/index.php?rest_route=\/wp\/v2\/product"}],"about":[{"href":"https:\/\/vivacite.services.mairie-sotteville-les-rouen.fr\/index.php?rest_route=\/wp\/v2\/types\/product"}],"wp:attachment":[{"href":"https:\/\/vivacite.services.mairie-sotteville-les-rouen.fr\/index.php?rest_route=%2Fwp%2Fv2%2Fmedia&parent=211"}],"curies":[{"name":"wp","href":"https:\/\/api.w.org\/{rel}","templated":true}]}}

<p>Les palettes et les chapiteaux ne recoivent que rarement la reconnaissance qu’ils méritent. Ils voyagent autour du monde. De ville en ville, par tout temps, jour et nuit. Les deux sont des porteurs. Ils sont porteurs et transporteurs. L’un d’un spectacle, l’autre des matériaux. Pendant ce spectacle, ils recevront la reconnaissance qu’ils méritent. Le respect approprié. Et peut-être, peut-être on applaudira pour eux, finalement. Ce spectacle, à tout âge, est un hommage à la palette. Et au chapiteau. Un hommage à deux inventions incroyables.</p>
<p><strong>RÉSERVATION À L’ACCUEIL PUBLIC</strong></p>
<p><strong>Samedi 14h30, 17h30</strong><br />
<strong>Dimanche 15h30, 18h30</strong></p>
