{"id":177,"date":"2018-06-05T10:52:59","date_gmt":"2018-06-05T08:52:59","guid":{"rendered":"http:\/\/vivacite.services.mairie-sotteville-les-rouen.fr\/?post_type=product&#038;p=177"},"modified":"2019-06-24T11:31:56","modified_gmt":"2019-06-24T09:31:56","slug":"e2-cirque-tranchant","status":"publish","type":"product","link":"https:\/\/vivacite.services.mairie-sotteville-les-rouen.fr\/?product=e2-cirque-tranchant","title":{"rendered":"Paco Chante la Paix"},"content":{"rendered":"<p>\u00ab Paco Chante la Paix \u00bb, chante la paix, pour la paix afin que la paix puisse un jour s\u2019\u00e9battre comme un chevreuil de fruit, sur la terre, comme sur le ciel, comme sur les cheveux nacr\u00e9s d\u2019une sir\u00e8ne aux yeux balafr\u00e9s par la joie. La paix est chant\u00e9e par Paco, car la paix et l\u2019amour sont les seuls saucissons que l\u2019avenir peut manger pour avoir assez d\u2019\u00e9nergie pour marcher plus loin. Vive la paix. Vive la R\u00e9publique, vive l\u2019Angola, vive la Chine et le guacamole. Amen. (texte \u00e9crit sous tranquillisant) Gala de chant, de sauts de biche, de rire b\u00eate et de mots doux dits fort.<\/p>\n<p><strong>Dimanche 19h45 en 13 (ATELIER 231)<\/strong><\/p>\n","protected":false},"excerpt":{"rendered":"<p>SPECTRALEX<\/p>\n","protected":false},"featured_media":0,"template":"","meta":[],"_links":{"self":[{"href":"https:\/\/vivacite.services.mairie-sotteville-les-rouen.fr\/index.php?rest_route=\/wp\/v2\/product\/177"}],"collection":[{"href":"https:\/\/vivacite.services.mairie-sotteville-les-rouen.fr\/index.php?rest_route=\/wp\/v2\/product"}],"about":[{"href":"https:\/\/vivacite.services.mairie-sotteville-les-rouen.fr\/index.php?rest_route=\/wp\/v2\/types\/product"}],"wp:attachment":[{"href":"https:\/\/vivacite.services.mairie-sotteville-les-rouen.fr\/index.php?rest_route=%2Fwp%2Fv2%2Fmedia&parent=177"}],"curies":[{"name":"wp","href":"https:\/\/api.w.org\/{rel}","templated":true}]}}

<p>« Paco Chante la Paix », chante la paix, pour la paix afin que la paix puisse un jour s’ébattre comme un chevreuil de fruit, sur la terre, comme sur le ciel, comme sur les cheveux nacrés d’une sirène aux yeux balafrés par la joie. La paix est chantée par Paco, car la paix et l’amour sont les seuls saucissons que l’avenir peut manger pour avoir assez d’énergie pour marcher plus loin. Vive la paix. Vive la République, vive l’Angola, vive la Chine et le guacamole. Amen. (texte écrit sous tranquillisant) Gala de chant, de sauts de biche, de rire bête et de mots doux dits fort.</p>
<p><strong>Dimanche 19h45 en 13 (ATELIER 231)</strong></p>
