{"id":171,"date":"2018-06-05T10:25:23","date_gmt":"2018-06-05T08:25:23","guid":{"rendered":"http:\/\/vivacite.services.mairie-sotteville-les-rouen.fr\/?post_type=product&#038;p=171"},"modified":"2019-06-24T11:41:22","modified_gmt":"2019-06-24T09:41:22","slug":"linoubliable-voyage-dalbert","status":"publish","type":"product","link":"https:\/\/vivacite.services.mairie-sotteville-les-rouen.fr\/?product=linoubliable-voyage-dalbert","title":{"rendered":"Les Portraits Sonores"},"content":{"rendered":"<p>Installation participative pour une personne. Entrez dans la cabine et faites tout ce que l\u2019on vous demande et tout ce que vous pouvez faire avec votre voix. Puis instantan\u00e9ment \u00e9coutez le r\u00e9sultat. Votre propre portrait d\u2019une minute contiendra comme seule et unique mati\u00e8re sonore votre propre voix. En attendant, profitez-en pour \u00e9couter d\u2019autres portraits sonores&#8230;<\/p>\n<p><strong>Vendredi 20h \u00e0 1h en 8 (ESPACE MARCEL LODS &#8211; IMMEUBLE DAUPHIN\u00c9)<\/strong><br \/>\n<strong>Samedi 10h \u00e0 1h en 8<\/strong><br \/>\n<strong>Dimanche 10h \u00e0 20h en 8<\/strong><\/p>\n","protected":false},"excerpt":{"rendered":"<p>LES VIBRANTS D\u00c9FRICHEURS<\/p>\n","protected":false},"featured_media":0,"template":"","meta":[],"_links":{"self":[{"href":"https:\/\/vivacite.services.mairie-sotteville-les-rouen.fr\/index.php?rest_route=\/wp\/v2\/product\/171"}],"collection":[{"href":"https:\/\/vivacite.services.mairie-sotteville-les-rouen.fr\/index.php?rest_route=\/wp\/v2\/product"}],"about":[{"href":"https:\/\/vivacite.services.mairie-sotteville-les-rouen.fr\/index.php?rest_route=\/wp\/v2\/types\/product"}],"wp:attachment":[{"href":"https:\/\/vivacite.services.mairie-sotteville-les-rouen.fr\/index.php?rest_route=%2Fwp%2Fv2%2Fmedia&parent=171"}],"curies":[{"name":"wp","href":"https:\/\/api.w.org\/{rel}","templated":true}]}}