{"id":147,"date":"2018-05-31T17:06:30","date_gmt":"2018-05-31T15:06:30","guid":{"rendered":"http:\/\/vivacite.services.mairie-sotteville-les-rouen.fr\/?post_type=product&#038;p=147"},"modified":"2019-06-24T11:49:42","modified_gmt":"2019-06-24T09:49:42","slug":"haute-heure","status":"publish","type":"product","link":"https:\/\/vivacite.services.mairie-sotteville-les-rouen.fr\/?product=haute-heure","title":{"rendered":"D\u00e9hanch\u00e9s"},"content":{"rendered":"<p>Group Berthe propose une aventure partag\u00e9e en espace public. Une section d\u00e9class\u00e9e et mouvante, aux contours irr\u00e9guliers, invite \u00e0<br \/>\nprendre la tangente dans un espace norm\u00e9, cod\u00e9, parfois brutal et d\u00e9raisonnable. D\u00e9hanch\u00e9s invite \u00e0 faire un pas de cot\u00e9 afin de se questionner, se recentrer et se situer au monde : comment y trouver sa place, y faire sa part ? Avec ce spectacle, la compagnie souhaite offrir un moment intense, partag\u00e9, avec l\u2019\u00e9nergie, la danse, le th\u00e9\u00e2tre et l\u2019humour du Group Berthe.<\/p>\n<p><strong>Vendredi 20h30 en 14<\/strong><br \/>\n<strong>Samedi 16h en 14<\/strong><br \/>\n<strong>Dimanche 15h en 14<\/strong><\/p>\n","protected":false},"excerpt":{"rendered":"<p>GROUP BERTHE<\/p>\n","protected":false},"featured_media":0,"template":"","meta":[],"_links":{"self":[{"href":"https:\/\/vivacite.services.mairie-sotteville-les-rouen.fr\/index.php?rest_route=\/wp\/v2\/product\/147"}],"collection":[{"href":"https:\/\/vivacite.services.mairie-sotteville-les-rouen.fr\/index.php?rest_route=\/wp\/v2\/product"}],"about":[{"href":"https:\/\/vivacite.services.mairie-sotteville-les-rouen.fr\/index.php?rest_route=\/wp\/v2\/types\/product"}],"wp:attachment":[{"href":"https:\/\/vivacite.services.mairie-sotteville-les-rouen.fr\/index.php?rest_route=%2Fwp%2Fv2%2Fmedia&parent=147"}],"curies":[{"name":"wp","href":"https:\/\/api.w.org\/{rel}","templated":true}]}}