{"id":141,"date":"2018-05-31T16:36:26","date_gmt":"2018-05-31T14:36:26","guid":{"rendered":"http:\/\/vivacite.services.mairie-sotteville-les-rouen.fr\/?post_type=product&#038;p=141"},"modified":"2019-06-24T11:53:20","modified_gmt":"2019-06-24T09:53:20","slug":"figurini","status":"publish","type":"product","link":"https:\/\/vivacite.services.mairie-sotteville-les-rouen.fr\/?product=figurini","title":{"rendered":"Wanted"},"content":{"rendered":"<p>WANTED est une parodie du western, enti\u00e8rement mim\u00e9e et sonoris\u00e9e par une com\u00e9dienne et un bruiteur.<br \/>\nIl est la voix, elle est le corps et \u00e0 eux deux ils jouent tous les personnages du Far West, du sh\u00e9rif orgueilleux au bandit sanguinaire en passant par le banquier, le prisonnier et la femme fatale. Avec une synchronisation pr\u00e9cise, ils s\u2019amusent des clich\u00e9s \u00e0 la fa\u00e7on du cartoon, et racontent entre les lignes du western une autre histoire, la leur, un peu absurde et un brin tragique.<\/p>\n<p><strong>Vendredi 19h30 en M<\/strong><br \/>\n<strong>Samedi 14h &amp; 20h45 en M<\/strong><br \/>\n<strong>Dimanche 14h et 18h40 en M<\/strong><\/p>\n","protected":false},"excerpt":{"rendered":"<p>BRUITAL<\/p>\n","protected":false},"featured_media":0,"template":"","meta":[],"_links":{"self":[{"href":"https:\/\/vivacite.services.mairie-sotteville-les-rouen.fr\/index.php?rest_route=\/wp\/v2\/product\/141"}],"collection":[{"href":"https:\/\/vivacite.services.mairie-sotteville-les-rouen.fr\/index.php?rest_route=\/wp\/v2\/product"}],"about":[{"href":"https:\/\/vivacite.services.mairie-sotteville-les-rouen.fr\/index.php?rest_route=\/wp\/v2\/types\/product"}],"wp:attachment":[{"href":"https:\/\/vivacite.services.mairie-sotteville-les-rouen.fr\/index.php?rest_route=%2Fwp%2Fv2%2Fmedia&parent=141"}],"curies":[{"name":"wp","href":"https:\/\/api.w.org\/{rel}","templated":true}]}}