{"id":128,"date":"2018-05-31T15:18:04","date_gmt":"2018-05-31T13:18:04","guid":{"rendered":"http:\/\/vivacite.services.mairie-sotteville-les-rouen.fr\/?post_type=product&#038;p=128"},"modified":"2019-06-24T11:57:24","modified_gmt":"2019-06-24T09:57:24","slug":"sandy-et-le-vilain-mc-coy","status":"publish","type":"product","link":"https:\/\/vivacite.services.mairie-sotteville-les-rouen.fr\/?product=sandy-et-le-vilain-mc-coy","title":{"rendered":"Jacqueline Verger"},"content":{"rendered":"<p>Jacqueline Verger a une obsession : vous enseigner le droit, quel que soit votre \u00e2ge, ou votre nationalit\u00e9.<br \/>\nEnjou\u00e9e, elle a d\u00e9velopp\u00e9 une p\u00e9dagogie interactive, ludique et tout terrain. Mais sa gourmandise n\u2019a pas de limites, le cadre s\u2019\u00e9tiole, Jacqueline s\u2019envole et vous offre malgr\u00e9 elle un regard sur le monde espi\u00e8gle et na\u00eff.<\/p>\n<p><strong>Vendredi 19h35 en 20<\/strong><br \/>\n<strong>Samedi 15h40 &amp; 19h30 en 20<\/strong><br \/>\n<strong>Dimanche 13h45 en 20<\/strong><\/p>\n","protected":false},"excerpt":{"rendered":"<p>LES COGNE TROTTOIRS<\/p>\n","protected":false},"featured_media":0,"template":"","meta":[],"_links":{"self":[{"href":"https:\/\/vivacite.services.mairie-sotteville-les-rouen.fr\/index.php?rest_route=\/wp\/v2\/product\/128"}],"collection":[{"href":"https:\/\/vivacite.services.mairie-sotteville-les-rouen.fr\/index.php?rest_route=\/wp\/v2\/product"}],"about":[{"href":"https:\/\/vivacite.services.mairie-sotteville-les-rouen.fr\/index.php?rest_route=\/wp\/v2\/types\/product"}],"wp:attachment":[{"href":"https:\/\/vivacite.services.mairie-sotteville-les-rouen.fr\/index.php?rest_route=%2Fwp%2Fv2%2Fmedia&parent=128"}],"curies":[{"name":"wp","href":"https:\/\/api.w.org\/{rel}","templated":true}]}}