{"id":120,"date":"2018-05-31T14:56:39","date_gmt":"2018-05-31T12:56:39","guid":{"rendered":"http:\/\/vivacite.services.mairie-sotteville-les-rouen.fr\/?post_type=product&#038;p=120"},"modified":"2019-06-24T11:59:47","modified_gmt":"2019-06-24T09:59:47","slug":"la-figure-du-gisant","status":"publish","type":"product","link":"https:\/\/vivacite.services.mairie-sotteville-les-rouen.fr\/?product=la-figure-du-gisant","title":{"rendered":"H O M"},"content":{"rendered":"<p>Au d\u00e9but, l\u2019espace est jonch\u00e9 d\u2019objets bruts en bois ou en m\u00e9tal. Commence alors une danse de construction. Un jeu avec les lois de la gravit\u00e9, men\u00e9 jusqu\u2019\u00e0 la lisi\u00e8re de la chute qui d\u00e9ploie une po\u00e9tique des formes, du poids et des lignes de force qui \u00e9manent des corps et des objets en mouvement.<\/p>\n<p><strong>VENDREDI 21h15 en 23<br \/>\nSAMEDI 18h en 23<\/strong><strong><br \/>\nDIMANCHE 16h30 en 23<\/strong><\/p>\n","protected":false},"excerpt":{"rendered":"<p>GROUPE FLUO<\/p>\n","protected":false},"featured_media":0,"template":"","meta":[],"_links":{"self":[{"href":"https:\/\/vivacite.services.mairie-sotteville-les-rouen.fr\/index.php?rest_route=\/wp\/v2\/product\/120"}],"collection":[{"href":"https:\/\/vivacite.services.mairie-sotteville-les-rouen.fr\/index.php?rest_route=\/wp\/v2\/product"}],"about":[{"href":"https:\/\/vivacite.services.mairie-sotteville-les-rouen.fr\/index.php?rest_route=\/wp\/v2\/types\/product"}],"wp:attachment":[{"href":"https:\/\/vivacite.services.mairie-sotteville-les-rouen.fr\/index.php?rest_route=%2Fwp%2Fv2%2Fmedia&parent=120"}],"curies":[{"name":"wp","href":"https:\/\/api.w.org\/{rel}","templated":true}]}}