{"id":328,"date":"2018-06-08T15:51:49","date_gmt":"2018-06-08T13:51:49","guid":{"rendered":"http:\/\/vivacite.services.mairie-sotteville-les-rouen.fr\/?page_id=328"},"modified":"2019-06-24T16:45:17","modified_gmt":"2019-06-24T14:45:17","slug":"les-cites-bistrots","status":"publish","type":"page","link":"https:\/\/vivacite.services.mairie-sotteville-les-rouen.fr\/?page_id=328","title":{"rendered":"LES CIT\u00c9S-BISTROTS"},"content":{"rendered":"<h3 style=\"text-align: left;\">Cit\u00e9 Bistrot Haut<\/h3>\n<p style=\"text-align: left;\"><strong>L\u2019\u00e9l\u00e9phant rose :<\/strong> Cuisine indienne<br \/>\n<strong>Stade Sottevillais Cheminot Club :<\/strong> Restauration rapide<br \/>\n<strong>Edson Traiteur :<\/strong> Cuisine du monde et sp\u00e9cialit\u00e9s africaines<br \/>\n<strong>Jour de f\u00eate :<\/strong> Sandwicherie, raclette, frites, saucisses, merguez<br \/>\n<strong>Show Kebab :<\/strong> Sp\u00e9cialit\u00e9s turques<br \/>\n<strong>25 event :<\/strong> Cr\u00eaperie ambulante<\/p>\n<p style=\"text-align: left;\"><div class=\"wpsl-locations-details\"><span><strong>Cit\u00e9 Bistrot Haut<\/strong><\/span><div class=\"wpsl-location-address\"><span>Bois de la Garenne<\/span><br\/><\/div><div class=\"wpsl-contact-details\"><\/div><div class=\"wpsl-location-directions\"><p><a  target=\"_blank\" href=\"https:\/\/maps.google.com\/maps?saddr=&#038;daddr=Bois+de+la+Garenne%2CSotteville+les+Rouen%2CFrance&#038;travelmode=driving\">Itin\u00e9raire<\/a><\/p><\/div><\/div><\/p>\n<hr \/>\n<h3>Cit\u00e9 Bistrot Bas<\/h3>\n<p><strong>Les wrapettes :<\/strong> Galettes traditionnelles bretonnes<br \/>\n<strong>Les Perles de la Manche :<\/strong> Frites, saucisses, merguez<br \/>\n<strong>M\u00e9m\u00e9 Patate :<\/strong> pommes de terre fourr\u00e9es vari\u00e9es<br \/>\n<strong>ASTUS :<\/strong>Salon de th\u00e9 et petites p\u00e2tisseries.<br \/>\n<strong>Caravanille :<\/strong> Caravane ambulante proposant un large choix de brioche \u00e0 la broche<br \/>\n<strong>Ice-roll :<\/strong> Rouleaux de glace en pot.<br \/>\n<div class=\"wpsl-locations-details\"><span><strong>Cit\u00e9 Bistrot Bas<\/strong><\/span><div class=\"wpsl-location-address\"><span>Bois de la Garenne<\/span><br\/><\/div><div class=\"wpsl-contact-details\"><\/div><div class=\"wpsl-location-directions\"><p><a  target=\"_blank\" href=\"https:\/\/maps.google.com\/maps?saddr=&#038;daddr=Bois+de+la+Garenne%2CSotteville+les+Rouen%2CFrance&#038;travelmode=driving\">Itin\u00e9raire<\/a><\/p><\/div><\/div><\/p>\n<hr \/>\n<h3>Cit\u00e9 Bistrot Chapiteau<\/h3>\n<p><strong>Le bar dans les \u00e9pinards :<\/strong> Boissons avec installation d\u2019une exposition et d\u2019une kermesse (objets artisanaux \u00e0 gagner)<br \/>\n<strong>Ma gamelle est vide :<\/strong> Food truck proposant une cuisine v\u00e9g\u00e9tarienne<br \/>\n<div class=\"wpsl-locations-details\"><span><strong>Cit\u00e9 Bistrot Chapiteau<\/strong><\/span><div class=\"wpsl-location-address\"><span>Bois de la Garenne<\/span><br\/><\/div><div class=\"wpsl-contact-details\"><\/div><div class=\"wpsl-location-directions\"><p><a  target=\"_blank\" href=\"https:\/\/maps.google.com\/maps?saddr=&#038;daddr=Bois+de+la+Garenne%2CSotteville+les+Rouen%2CFrance&#038;travelmode=driving\">Itin\u00e9raire<\/a><\/p><\/div><\/div><\/p>\n<hr \/>\n<h3>Cit\u00e9 Bistrot Junior<\/h3>\n<h5>Vendredi de 19h \u00e0 2h \/ Samedi de 12h \u00e0 2h \/ Dimanche de 12h \u00e0 21h<\/h5>\n<p><strong>Kiosque du Jardin des Plantes :<\/strong> Douceurs sucr\u00e9es (cr\u00eapes, gaufres, confiseries)<br \/>\n<div class=\"wpsl-locations-details\"><span><strong>Cit\u00e9 Bistrot Junior<\/strong><\/span><div class=\"wpsl-location-address\"><span>Bois de la Garenne<\/span><br\/><\/div><div class=\"wpsl-contact-details\"><\/div><div class=\"wpsl-location-directions\"><p><a  target=\"_blank\" href=\"https:\/\/maps.google.com\/maps?saddr=&#038;daddr=Bois+de+la+Garenne%2CSotteville+les+Rouen%2CFrance&#038;travelmode=driving\">Itin\u00e9raire<\/a><\/p><\/div><\/div><\/p>\n<hr \/>\n<h3>Cit\u00e9 Bistrot Jardin<\/h3>\n<h5>Vendredi de 19h \u00e0 0h \/ Samedi de 12h \u00e0 1h \/ Dimanche de 12h \u00e0 20h<\/h5>\n<p><strong>Bar des anges :<\/strong> Les Plastiqueurs<br \/>\n<strong>Resto Ch\u00e8vre :<\/strong> Recettes maison \u00e0 base de ch\u00e8vre<br \/>\n<div class=\"wpsl-locations-details\"><span><strong>Cit\u00e9 Bistrot Jardin<\/strong><\/span><div class=\"wpsl-location-address\"><span>Espace Marcel Lods<\/span><br\/><\/div><div class=\"wpsl-contact-details\"><\/div><div class=\"wpsl-location-directions\"><p><a  target=\"_blank\" href=\"https:\/\/maps.google.com\/maps?saddr=&#038;daddr=Espace+Marcel+Lods%2CSotteville+les+Rouen%2CFrance&#038;travelmode=driving\">Itin\u00e9raire<\/a><\/p><\/div><\/div><\/p>\n<hr \/>\n<h3>Cit\u00e9 Bistrot Atelier 231<\/h3>\n<h5>Vendredi de 20h \u00e0 3h \/ Samedi de 14h15 \u00e0 4h \/ Dimanche de 14h15 \u00e0 21h<\/h5>\n<p>Quiches, cakes sal\u00e9s, planches fromage et charcuterie, caravane \u00e0 vins, bar et cr\u00eapes avec<strong> les Lapins Bleus.<\/strong><br \/>\n<div class=\"wpsl-locations-details\"><span><strong>Cit\u00e9 Bistrot 231<\/strong><\/span><div class=\"wpsl-location-address\"><span>Atelier 231, rue Vincent Auriol<\/span><br\/><\/div><div class=\"wpsl-contact-details\"><\/div><div class=\"wpsl-location-directions\"><p><a  target=\"_blank\" href=\"https:\/\/maps.google.com\/maps?saddr=&#038;daddr=Atelier+231%2C+rue+Vincent+Auriol%2CSotteville+les+Rouen%2CFrance&#038;travelmode=driving\">Itin\u00e9raire<\/a><\/p><\/div><\/div><\/p>\n<hr \/>\n<p><em><strong>Plaisir et Cr\u00e9ation<\/strong>\u00a0: devant le lyc\u00e9e Marcel Sembat.<\/em><\/p>\n<p><em><strong>Rythm&rsquo;n&rsquo;food<\/strong><\/em>\u00a0(burgers authentiques et savoureux) : Cit\u00e9 bistrot Bois-petit<\/p>\n","protected":false},"excerpt":{"rendered":"<p>Cit\u00e9 Bistrot Haut L\u2019\u00e9l\u00e9phant rose : Cuisine indienne Stade Sottevillais Cheminot Club : Restauration rapide Edson Traiteur : Cuisine du monde et sp\u00e9cialit\u00e9s africaines Jour de f\u00eate : Sandwicherie, raclette, frites, saucisses, merguez Show Kebab : Sp\u00e9cialit\u00e9s turques 25 event : Cr\u00eaperie ambulante Cit\u00e9 Bistrot Bas Les wrapettes : Galettes traditionnelles bretonnes Les Perles de [&hellip;]<\/p>\n","protected":false},"author":1,"featured_media":0,"parent":0,"menu_order":4,"comment_status":"closed","ping_status":"closed","template":"","meta":[],"_links":{"self":[{"href":"https:\/\/vivacite.services.mairie-sotteville-les-rouen.fr\/index.php?rest_route=\/wp\/v2\/pages\/328"}],"collection":[{"href":"https:\/\/vivacite.services.mairie-sotteville-les-rouen.fr\/index.php?rest_route=\/wp\/v2\/pages"}],"about":[{"href":"https:\/\/vivacite.services.mairie-sotteville-les-rouen.fr\/index.php?rest_route=\/wp\/v2\/types\/page"}],"author":[{"embeddable":true,"href":"https:\/\/vivacite.services.mairie-sotteville-les-rouen.fr\/index.php?rest_route=\/wp\/v2\/users\/1"}],"replies":[{"embeddable":true,"href":"https:\/\/vivacite.services.mairie-sotteville-les-rouen.fr\/index.php?rest_route=%2Fwp%2Fv2%2Fcomments&post=328"}],"version-history":[{"count":23,"href":"https:\/\/vivacite.services.mairie-sotteville-les-rouen.fr\/index.php?rest_route=\/wp\/v2\/pages\/328\/revisions"}],"predecessor-version":[{"id":681,"href":"https:\/\/vivacite.services.mairie-sotteville-les-rouen.fr\/index.php?rest_route=\/wp\/v2\/pages\/328\/revisions\/681"}],"wp:attachment":[{"href":"https:\/\/vivacite.services.mairie-sotteville-les-rouen.fr\/index.php?rest_route=%2Fwp%2Fv2%2Fmedia&parent=328"}],"curies":[{"name":"wp","href":"https:\/\/api.w.org\/{rel}","templated":true}]}}